s the remainder when 161626 is divided by 309?
19
What is the remainder when 7712 is divided by 1383?
797
Calculate the remainder when 4873 is divided by 58.
1
What is the remainder when 242700 is divided by 303?
300
Calculate the remainder when 5251 is divided by 117.
103
Calculate the remainder when 19194 is divided by 4791.
30
What is the remainder when 1791 is divided by 524?
219
What is the remainder when 219405 is divided by 84?
81
Calculate the remainder when 850812 is divided by 555.
552
Calculate the remainder when 7898 is divided by 20.
18
Calculate the remainder when 2470412 is divided by 3.
2
Calculate the remainder when 122643 is divided by 140.
3
What is the remainder when 12460 is divided by 23?
17
Calculate the remainder when 98568 is divided by 241.
240
Calculate the remainder when 6160 is divided by 1199.
165
What is the remainder when 202234 is divided by 137?
22
What is the remainder when 2744 is divided by 61?
60
Calculate the remainder when 28544 is divided by 7134.
8
Calculate the remainder when 19504 is divided by 696.
16
What is the remainder when 69417 is divided by 747?
693
What is the remainder when 361272 is divided by 181?
177
Calculate the remainder when 20241 is divided by 2014.
101
Calculate the remainder when 4189274 is divided by 1338.
1334
What is the remainder when 16945 is divided by 8421?
103
Calculate the remainder when 7078 is divided by 283.
3
Calculate the remainder when 216447 is divided by 64.
63
Calculate the remainder when 4175 is divided by 2081.
13
Calculate the remainder when 4957 is divided by 814.
73
What is the remainder when 1040 is divided by 653?
387
What is the remainder when 23145 is divided by 20?
5
Calculate the remainder when 2712 is divided by 22.
6
Calculate the remainder when 22519 is divided by 11256.
7
Calculate the remainder when 45199 is divided by 395.
169
What is the remainder when 612 is divided by 18?
0
Calculate the remainder when 4993 is divided by 91.
79
Calculate the remainder when 23860 is divided by 954.
10
Calculate the remainder when 776 is divided by 729.
47
Calculate the remainder when 14583 is divided by 2044.
275
Calculate the remainder when 40362 is divided by 306.
276
Calculate the remainder when 7733 is divided by 862.
837
What is the remainder when 36585 is divided by 1582?
199
Calculate the remainder when 220756 is divided by 250.
6
Calculate the remainder when 23942 is divided by 532.
2
What is the remainder when 38079 is divided by 1683?
1053
Calculate the remainder when 756 is divided by 264.
228
Calculate the remainder when 1150 is divided by 284.
14
What is the remainder when 1478 is divided by 256?
198
Calculate the remainder when 16578 is divided by 16494.
84
What is the remainder when 922809 is divided by 19225?
9
Calculate the remainder when 54496 is divided by 56.
8
What is the remainder when 25317 is divided by 1946?
19
What is the remainder when 72215 is divided by 72?
71
Calculate the remainder when 1784 is divided by 40.
24
What is the remainder when 66596 is divided by 370?
366
Calculate the remainder when 157062 is divided by 858.
48
What is the remainder when 3245 is divided by 39?
8
Calculate the remainder when 2842 is divided by 249.
103
What is the remainder when 358 is divided by 68?
18
Calculate the remainder when 2174 is divided by 2079.
95
What is the remainder when 59374 is divided by 59272?
102
What is the remainder when 2097 is divided by 25?
22
What is the remainder when 7701 is divided by 7698?
3
What is the remainder when 15042 is divided by 3745?
62
Calculate the remainder when 22266 is divided by 269.
208
Calculate the remainder when 33164 is divided by 176.
76
Calculate the remainder when 301518 is divided by 2956.
6
Calculate the remainder when 308658 is divided by 20.
18
What is the remainder when 58091 is divided by 614?
375
What is the remainder when 37368 is divided by 12450?
18
What is the remainder when 9751 is divided by 11?
5
Calculate the remainder when 6243 is divided by 2057.
72
Calculate the remainder when 8774 is divided by 1510.
1224
What is the remainder when 226664 is divided by 248?
240
What is the remainder when 73996 is divided by 29?
17
Calculate the remainder when 6801 is divided by 355.
56
Calculate the remainder when 796840 is divided by 21.
16
Calculate the remainder when 171897 is divided by 21480.
57
Calculate the remainder when 286017 is divided by 83.
82
What is the remainder when 3782 is divided by 1161?
299
Calculate the remainder when 245715 is divided by 37.
35
What is the remainder when 260031 is divided by 6?
3
Calculate the remainder when 6944 is divided by 51.
8
What is the remainder when 45957 is divided by 266?
205
What is the remainder when 105045 is divided by 46?
27
What is the remainder when 4839666 is divided by 1341?
1338
What is the remainder when 140706 is divided by 1599?
1593
Calculate the remainder when 30872 is divided by 735.
2
Calculate the remainder when 11080 is divided by 2180.
180
Calculate the remainder when 62957 is divided by 40.
37
Calculate the remainder when 302 is divided by 85.
47
Calculate the remainder when 180984 is divided by 26.
24
Calculate the remainder when 9593050 is divided by 12.
10
What is the remainder when 6088 is divided by 3031?
26
What is the remainder when 3472 is divided by 23?
22
Calculate the remainder when 3947 is divided by 1963.
21
What is the remainder when 165356 is divided by 20?
16
What is the remainder when 6673 is divided by 69?
49
Calculate the remainder when 407998 is divided by 1863.
1
Calculate the remainder when 63228 is divided by 31611.
6
What is the remainder when 70278 is divided by 53?
0
Calculate the remainder when 965 is divided by 965.
0
Calculate the remainder when 30 is divided by 6.
0
What is the remainder when 10377 is divided by 5037?
303
What is the remainder when 98404 is divided by 2008?
12
Calculate the remainder when 653740 is divided by 52.
48
What is the remainder when 9575 is divided by 21?
20
What is the remainder when 63048 is divided by 194?
192
Calculate the remainder when 783 is divided by 187.
35
Calculate the remainder when 247261 is divided by 8830.
21
What is the remainder when 80818 is divided by 264?
34
Calculate the remainder when 172160 is divided by 57381.
17
What is the remainder when 18749 is divided by 272?
253
Calculate the remainder when 184045 is divided by 829.
7
What is the remainder when 124108 is divided by 16?
12
Calculate the remainder when 24347 is divided by 8078.
113
What is the remainder when 70748 is divided by 132?
128
Calculate the remainder when 5369 is divided by 1764.
77
Calculate the remainder when 172323 is divided by 72.
27
What is the remainder when 1862 is divided by 900?
62
Calculate the remainder when 5981182 is divided by 1152.
1150
What is the remainder when 9308 is divided by 1503?
290
What is the remainder when 255819 is divided by 143?
135
What is the remainder when 1414509 is divided by 33?
30
Calculate the remainder when 17134 is divided by 23.
22
What is the remainder when 7045 is divided by 17?
7
What is the remainder when 12223 is divided by 3050?
23
Calculate the remainder when 86987 is divided by 34.
15
What is the remainder when 3561 is divided by 18?
15
Calculate the remainder when 9655 is divided by 8669.
986
What is the remainder when 5980 is divided by 377?
325
What is the remainder when 27675 is divided by 77?
32
Calculate the remainder when 580 is divided by 410.
170
Calculate the remainder when 5018 is divided by 77.
13
What is the remainder when 1026 is divided by 762?
264
What is the remainder when 387 is divided by 32?
3
Calculate the remainder when 25250 is divided by 1941.
17
What is the remainder when 488 is divided by 395?
93
Calculate the remainder when 3016 is divided by 233.
220
What is the remainder when 1961 is divided by 932?
97
What is the remainder when 32602 is divided by 418?
416
What is the remainder when 393732 is divided by 5790?
12
What is the remainder when 3526 is divided by 3490?
36
Calculate the remainder when 190297 is divided by 312.
289
Calculate the remainder when 3016 is divided by 120.
16
Calculate the remainder when 16575 is divided by 6.
3
Calculate the remainder when 29840 is divided by 138.
32
Calculate 